{"id":4489,"date":"2018-11-09T16:19:20","date_gmt":"2018-11-09T15:19:20","guid":{"rendered":"https:\/\/exhibitions.salvador-dali.org\/wp-content\/uploads\/2018\/11\/3a.jpg"},"modified":"2018-11-09T16:19:20","modified_gmt":"2018-11-09T15:19:20","slug":"salvador-dali-peignant-dans-son-atelier-a-port-lligat-2","status":"inherit","type":"attachment","link":"https:\/\/exhibitions.salvador-dali.org\/ru\/salvador-dali-peignant-dans-son-atelier-a-port-lligat-2\/","title":{"rendered":"Salvador Dali peignant dans son atelier \u00e0 Port-Lligat"},"author":3,"featured_media":0,"comment_status":"open","ping_status":"closed","template":"","meta":{"_acf_changed":false},"class_list":["post-4489","attachment","type-attachment","status-inherit","hentry"],"acf":[],"yoast_head":"<!-- This site is optimized with the Yoast SEO plugin v23.6 - https:\/\/yoast.com\/wordpress\/plugins\/seo\/ -->\n<title>Salvador Dali peignant dans son atelier \u00e0 Port-Lligat - Dali exhibitions<\/title>\n<meta name=\"robots\" content=\"index, follow, max-snippet:-1, max-image-preview:large, max-video-preview:-1\" \/>\n<link rel=\"canonical\" href=\"https:\/\/exhibitions.salvador-dali.org\/wp-content\/uploads\/2018\/11\/3a.jpg\" \/>\n<meta property=\"og:locale\" content=\"ru_RU\" \/>\n<meta property=\"og:type\" content=\"article\" \/>\n<meta property=\"og:title\" content=\"Salvador Dali peignant dans son atelier \u00e0 Port-Lligat - Dali exhibitions\" \/>\n<meta property=\"og:description\" content=\"Brassa\u00ef (dit), Halasz Gyula (1899-1984). Collection particuli\u00e8re. A.458.Z+127.\" \/>\n<meta property=\"og:url\" content=\"https:\/\/exhibitions.salvador-dali.org\/wp-content\/uploads\/2018\/11\/3a.jpg\" \/>\n<meta property=\"og:site_name\" content=\"Dali exhibitions\" \/>\n<meta property=\"og:image\" content=\"https:\/\/exhibitions.salvador-dali.org\/wp-content\/uploads\/2018\/11\/3a-770x1024.jpg\" \/>\n\t<meta property=\"og:image:width\" content=\"770\" \/>\n\t<meta property=\"og:image:height\" content=\"1024\" \/>\n\t<meta property=\"og:image:type\" content=\"image\/jpeg\" \/>\n<meta name=\"twitter:card\" content=\"summary_large_image\" \/>\n<script type=\"application\/ld+json\" class=\"yoast-schema-graph\">{\"@context\":\"https:\/\/schema.org\",\"@graph\":[{\"@type\":\"WebPage\",\"@id\":\"https:\/\/exhibitions.salvador-dali.org\/wp-content\/uploads\/2018\/11\/3a.jpg\",\"url\":\"https:\/\/exhibitions.salvador-dali.org\/wp-content\/uploads\/2018\/11\/3a.jpg\",\"name\":\"Salvador Dali peignant dans son atelier \u00e0 Port-Lligat - Dali exhibitions\",\"isPartOf\":{\"@id\":\"https:\/\/exhibitions.salvador-dali.org\/#website\"},\"datePublished\":\"2018-11-09T15:19:20+00:00\",\"dateModified\":\"2018-11-09T15:19:20+00:00\",\"breadcrumb\":{\"@id\":\"https:\/\/exhibitions.salvador-dali.org\/wp-content\/uploads\/2018\/11\/3a.jpg#breadcrumb\"},\"inLanguage\":\"ru-RU\",\"potentialAction\":[{\"@type\":\"ReadAction\",\"target\":[\"https:\/\/exhibitions.salvador-dali.org\/wp-content\/uploads\/2018\/11\/3a.jpg\"]}]},{\"@type\":\"BreadcrumbList\",\"@id\":\"https:\/\/exhibitions.salvador-dali.org\/wp-content\/uploads\/2018\/11\/3a.jpg#breadcrumb\",\"itemListElement\":[{\"@type\":\"ListItem\",\"position\":1,\"name\":\"Home\",\"item\":\"https:\/\/exhibitions.salvador-dali.org\/ru\/\"},{\"@type\":\"ListItem\",\"position\":2,\"name\":\"Salvador Dali peignant dans son atelier \u00e0 Port-Lligat\"}]},{\"@type\":\"WebSite\",\"@id\":\"https:\/\/exhibitions.salvador-dali.org\/#website\",\"url\":\"https:\/\/exhibitions.salvador-dali.org\/\",\"name\":\"Dali exhibitions\",\"description\":\"\",\"potentialAction\":[{\"@type\":\"SearchAction\",\"target\":{\"@type\":\"EntryPoint\",\"urlTemplate\":\"https:\/\/exhibitions.salvador-dali.org\/?s={search_term_string}\"},\"query-input\":{\"@type\":\"PropertyValueSpecification\",\"valueRequired\":true,\"valueName\":\"search_term_string\"}}],\"inLanguage\":\"ru-RU\"}]}<\/script>\n<!-- \/ Yoast SEO plugin. -->","yoast_head_json":{"title":"Salvador Dali peignant dans son atelier \u00e0 Port-Lligat - Dali exhibitions","robots":{"index":"index","follow":"follow","max-snippet":"max-snippet:-1","max-image-preview":"max-image-preview:large","max-video-preview":"max-video-preview:-1"},"canonical":"https:\/\/exhibitions.salvador-dali.org\/wp-content\/uploads\/2018\/11\/3a.jpg","og_locale":"ru_RU","og_type":"article","og_title":"Salvador Dali peignant dans son atelier \u00e0 Port-Lligat - Dali exhibitions","og_description":"Brassa\u00ef (dit), Halasz Gyula (1899-1984). Collection particuli\u00e8re. A.458.Z+127.","og_url":"https:\/\/exhibitions.salvador-dali.org\/wp-content\/uploads\/2018\/11\/3a.jpg","og_site_name":"Dali exhibitions","og_image":[{"width":770,"height":1024,"url":"https:\/\/exhibitions.salvador-dali.org\/wp-content\/uploads\/2018\/11\/3a-770x1024.jpg","type":"image\/jpeg"}],"twitter_card":"summary_large_image","schema":{"@context":"https:\/\/schema.org","@graph":[{"@type":"WebPage","@id":"https:\/\/exhibitions.salvador-dali.org\/wp-content\/uploads\/2018\/11\/3a.jpg","url":"https:\/\/exhibitions.salvador-dali.org\/wp-content\/uploads\/2018\/11\/3a.jpg","name":"Salvador Dali peignant dans son atelier \u00e0 Port-Lligat - Dali exhibitions","isPartOf":{"@id":"https:\/\/exhibitions.salvador-dali.org\/#website"},"datePublished":"2018-11-09T15:19:20+00:00","dateModified":"2018-11-09T15:19:20+00:00","breadcrumb":{"@id":"https:\/\/exhibitions.salvador-dali.org\/wp-content\/uploads\/2018\/11\/3a.jpg#breadcrumb"},"inLanguage":"ru-RU","potentialAction":[{"@type":"ReadAction","target":["https:\/\/exhibitions.salvador-dali.org\/wp-content\/uploads\/2018\/11\/3a.jpg"]}]},{"@type":"BreadcrumbList","@id":"https:\/\/exhibitions.salvador-dali.org\/wp-content\/uploads\/2018\/11\/3a.jpg#breadcrumb","itemListElement":[{"@type":"ListItem","position":1,"name":"Home","item":"https:\/\/exhibitions.salvador-dali.org\/ru\/"},{"@type":"ListItem","position":2,"name":"Salvador Dali peignant dans son atelier \u00e0 Port-Lligat"}]},{"@type":"WebSite","@id":"https:\/\/exhibitions.salvador-dali.org\/#website","url":"https:\/\/exhibitions.salvador-dali.org\/","name":"Dali exhibitions","description":"","potentialAction":[{"@type":"SearchAction","target":{"@type":"EntryPoint","urlTemplate":"https:\/\/exhibitions.salvador-dali.org\/?s={search_term_string}"},"query-input":{"@type":"PropertyValueSpecification","valueRequired":true,"valueName":"search_term_string"}}],"inLanguage":"ru-RU"}]}},"description":{"rendered":"<p class=\"attachment\"><a href='https:\/\/exhibitions.salvador-dali.org\/wp-content\/uploads\/2018\/11\/3a.jpg'><img loading=\"lazy\" decoding=\"async\" width=\"226\" height=\"300\" src=\"https:\/\/exhibitions.salvador-dali.org\/wp-content\/uploads\/2018\/11\/3a-226x300.jpg\" class=\"attachment-medium size-medium\" alt=\"\" srcset=\"https:\/\/exhibitions.salvador-dali.org\/wp-content\/uploads\/2018\/11\/3a-226x300.jpg 226w, https:\/\/exhibitions.salvador-dali.org\/wp-content\/uploads\/2018\/11\/3a-768x1022.jpg 768w, https:\/\/exhibitions.salvador-dali.org\/wp-content\/uploads\/2018\/11\/3a-770x1024.jpg 770w, https:\/\/exhibitions.salvador-dali.org\/wp-content\/uploads\/2018\/11\/3a-960x1277.jpg 960w, https:\/\/exhibitions.salvador-dali.org\/wp-content\/uploads\/2018\/11\/3a-600x798.jpg 600w\" sizes=\"(max-width: 226px) 100vw, 226px\" \/><\/a><\/p>\n"},"caption":{"rendered":"<p>Brassa\u00ef (dit), Halasz Gyula (1899-1984). Collection particuli\u00e8re. A.458.Z+127.<\/p>\n"},"alt_text":"","media_type":"image","mime_type":"image\/jpeg","media_details":{"width":4096,"height":5449,"file":"2018\/11\/3a.jpg","sizes":{"thumbnail":{"file":"3a-150x150.jpg","width":150,"height":150,"mime_type":"image\/jpeg","source_url":"https:\/\/exhibitions.salvador-dali.org\/wp-content\/uploads\/2018\/11\/3a-150x150.jpg"},"medium":{"file":"3a-226x300.jpg","width":226,"height":300,"mime_type":"image\/jpeg","source_url":"https:\/\/exhibitions.salvador-dali.org\/wp-content\/uploads\/2018\/11\/3a-226x300.jpg"},"medium_large":{"file":"3a-768x1022.jpg","width":768,"height":1022,"mime_type":"image\/jpeg","source_url":"https:\/\/exhibitions.salvador-dali.org\/wp-content\/uploads\/2018\/11\/3a-768x1022.jpg"},"large":{"file":"3a-770x1024.jpg","width":770,"height":1024,"mime_type":"image\/jpeg","source_url":"https:\/\/exhibitions.salvador-dali.org\/wp-content\/uploads\/2018\/11\/3a-770x1024.jpg"},"post-thumbnail":{"file":"3a-250x250.jpg","width":250,"height":250,"mime_type":"image\/jpeg","source_url":"https:\/\/exhibitions.salvador-dali.org\/wp-content\/uploads\/2018\/11\/3a-250x250.jpg"},"featured":{"file":"3a-600x600.jpg","width":600,"height":600,"mime_type":"image\/jpeg","source_url":"https:\/\/exhibitions.salvador-dali.org\/wp-content\/uploads\/2018\/11\/3a-600x600.jpg"},"vertical-big":{"file":"3a-960x1277.jpg","width":960,"height":1277,"mime_type":"image\/jpeg","source_url":"https:\/\/exhibitions.salvador-dali.org\/wp-content\/uploads\/2018\/11\/3a-960x1277.jpg"},"vertical":{"file":"3a-600x798.jpg","width":600,"height":798,"mime_type":"image\/jpeg","source_url":"https:\/\/exhibitions.salvador-dali.org\/wp-content\/uploads\/2018\/11\/3a-600x798.jpg"},"full":{"file":"3a.jpg","width":4096,"height":5449,"mime_type":"image\/jpeg","source_url":"https:\/\/exhibitions.salvador-dali.org\/wp-content\/uploads\/2018\/11\/3a.jpg"}},"image_meta":{"aperture":"0","credit":"Jean-Gilles Berizzi \/ RMN-GP","camera":"","caption":"Brassa\u00ef (dit), Halasz Gyula (1899-1984). Collection particuli\u00e8re. A.458.Z+127.","created_timestamp":"0","copyright":"Jean-Gilles Berizzi","focal_length":"0","iso":"0","shutter_speed":"0","title":"Salvador Dali peignant dans son atelier \u00e0 Port-Lligat","orientation":"1","keywords":["20e si\u00e8cle","atelier d'artiste","Brassa\u00ef (dit), Halasz Gyula (1899-1984)","Dali Salvador (1904-1989) (repr\u00e9sent\u00e9)","\u00e9preuve argentique","Europe (p\u00e9riode) - p\u00e9riode contemporaine de 1914 \u00e0 nos jours","peintre (domaine d'activit\u00e9)","peinture (repr\u00e9sent\u00e9e)","personnalit\u00e9 des Beaux-Arts","Photographies"]}},"post":null,"source_url":"https:\/\/exhibitions.salvador-dali.org\/wp-content\/uploads\/2018\/11\/3a.jpg","_links":{"self":[{"href":"https:\/\/exhibitions.salvador-dali.org\/ru\/wp-json\/wp\/v2\/media\/4489"}],"collection":[{"href":"https:\/\/exhibitions.salvador-dali.org\/ru\/wp-json\/wp\/v2\/media"}],"about":[{"href":"https:\/\/exhibitions.salvador-dali.org\/ru\/wp-json\/wp\/v2\/types\/attachment"}],"author":[{"embeddable":true,"href":"https:\/\/exhibitions.salvador-dali.org\/ru\/wp-json\/wp\/v2\/users\/3"}],"replies":[{"embeddable":true,"href":"https:\/\/exhibitions.salvador-dali.org\/ru\/wp-json\/wp\/v2\/comments?post=4489"}]}}

Salvador Dali peignant dans son atelier à Port-Lligat

<!-- This site is optimized with the Yoast SEO plugin v23.6 - https://yoast.com/wordpress/plugins/seo/ -->
<title>Salvador Dali peignant dans son atelier à Port-Lligat - Dali exhibitions</title>
<meta name="robots" content="index, follow, max-snippet:-1, max-image-preview:large, max-video-preview:-1" />
<link rel="canonical" href="https://exhibitions.salvador-dali.org/wp-content/uploads/2018/11/3a.jpg" />
<meta property="og:locale" content="ru_RU" />
<meta property="og:type" content="article" />
<meta property="og:title" content="Salvador Dali peignant dans son atelier à Port-Lligat - Dali exhibitions" />
<meta property="og:description" content="Brassaï (dit), Halasz Gyula (1899-1984). Collection particulière. A.458.Z+127." />
<meta property="og:url" content="https://exhibitions.salvador-dali.org/wp-content/uploads/2018/11/3a.jpg" />
<meta property="og:site_name" content="Dali exhibitions" />
<meta property="og:image" content="https://exhibitions.salvador-dali.org/wp-content/uploads/2018/11/3a-770x1024.jpg" />
	<meta property="og:image:width" content="770" />
	<meta property="og:image:height" content="1024" />
	<meta property="og:image:type" content="image/jpeg" />
<meta name="twitter:card" content="summary_large_image" />
<script type="application/ld+json" class="yoast-schema-graph">{"@context":"https://schema.org","@graph":[{"@type":"WebPage","@id":"https://exhibitions.salvador-dali.org/wp-content/uploads/2018/11/3a.jpg","url":"https://exhibitions.salvador-dali.org/wp-content/uploads/2018/11/3a.jpg","name":"Salvador Dali peignant dans son atelier à Port-Lligat - Dali exhibitions","isPartOf":{"@id":"https://exhibitions.salvador-dali.org/#website"},"datePublished":"2018-11-09T15:19:20+00:00","dateModified":"2018-11-09T15:19:20+00:00","breadcrumb":{"@id":"https://exhibitions.salvador-dali.org/wp-content/uploads/2018/11/3a.jpg#breadcrumb"},"inLanguage":"ru-RU","potentialAction":[{"@type":"ReadAction","target":["https://exhibitions.salvador-dali.org/wp-content/uploads/2018/11/3a.jpg"]}]},{"@type":"BreadcrumbList","@id":"https://exhibitions.salvador-dali.org/wp-content/uploads/2018/11/3a.jpg#breadcrumb","itemListElement":[{"@type":"ListItem","position":1,"name":"Home","item":"https://exhibitions.salvador-dali.org/ru/"},{"@type":"ListItem","position":2,"name":"Salvador Dali peignant dans son atelier à Port-Lligat"}]},{"@type":"WebSite","@id":"https://exhibitions.salvador-dali.org/#website","url":"https://exhibitions.salvador-dali.org/","name":"Dali exhibitions","description":"","potentialAction":[{"@type":"SearchAction","target":{"@type":"EntryPoint","urlTemplate":"https://exhibitions.salvador-dali.org/?s={search_term_string}"},"query-input":{"@type":"PropertyValueSpecification","valueRequired":true,"valueName":"search_term_string"}}],"inLanguage":"ru-RU"}]}</script>
<!-- / Yoast SEO plugin. -->

Salvador Dali peignant dans son atelier à Port-Lligat - Dali exhibitions

Brassaï (dit), Halasz Gyula (1899-1984). Collection particulière. A.458.Z+127.

<p>Brassaï (dit), Halasz Gyula (1899-1984). Collection particulière. A.458.Z+127.</p>

20e siècle

Brassaï (dit), Halasz Gyula (1899-1984)

Dali Salvador (1904-1989) (représenté)

épreuve argentique

Europe (période) - période contemporaine de 1914 à nos jours

peintre (domaine d'activité)

peinture (représentée)

personnalité des Beaux-Arts
